11)?
21
Let j(r) be the third derivative of -1/30*r**5 + 0*r + 0*r**4 + 0 + 5*r**2 - 1/20*r**6 + 1/6*r**3. Let q be 2 + 0 + (-2 + -10)/4. Determine j(q).
5
Suppose -4*i + 60 = c, c + 10 = -0*i + i. Suppose 0*b - 2*b - 36 = 0. Let w = i + b. Let y(x) = -x**3 - 3*x**2 + 4*x + 6. Determine y(w).
6
Let i(o) = 3*o + 4. Suppose 58 = -4*y + 66. Suppose -r + 23 = -5*h, -h = y*h - 5*r + 27. What is i(h)?
-8
Suppose -5*w = 30 - 40. Let t(a) = -4*a + 7*a**2 - a**w - 2*a**3 - 7 + a**3 + 0*a**2. Determine t(5).
-2
Let s(u) be the third derivative of -u**6/120 - u**5/15 + u**3/2 + 55*u**2 - u. Suppose -m - 2 = 1. Give s(m).
-6
Let j(w) be the third derivative of -w**4/24 + 3*w**3 + w**2 + 6*w. Determine j(17).
1
Let g(p) = -3*p**2 + 3*p. Let x(o) = -4*o**2 + 2*o. Let i(l) = 3*g(l) - 4*x(l). Suppose -u = -q - 2, -4*u + 5*q + 12 = -u. Calculate i(u).
6
Let c(t) = -32*t - t - 15*t - 30*t + 20*t. Calculate c(-1).
58
Suppose -11 + 101 = 2*j. Suppose -j = -4*m - 11*m. Let b(k) = -7*k. Determine b(m).
-21
Suppose -15*h = -11*h - 28. Suppose -10 = -h*b + 25. Let s(g) = -g + 4. Determine s(b).
-1
Suppose -4*l = -2*j + 26, -21 = -l - 4*j - 23. Let v(m) = -m**3 - 7*m**2 - 6*m + 3. Determine v(l).
3
Suppose 3*j = -0*j - 84. Let r be (-24)/j + 1/7. Let b(p) = 3*p + 0*p - r + 3*p - p**2 - 4. What is b(5)?
0
Let u(a) = 145*a + 13 - 18*a**2 - 265*a + 139*a - a**3. What is u(-19)?
13
Let g(z) = -4*z + 95. Let u be g(23). Let n(j) = 2*j + 8. What is n(u)?
14
Let a(h) = 2*h**2 + 6*h - 3. Let q(z) = z**2 - 1. Let j(n) = -a(n) + q(n). Determine j(-5).
7
Let j(u) be the third derivative of u**6/120 + u**5/15 - u**4/8 + u**3/6 + u**2 - 141. Determine j(-4).
13
Let y be 3/6*((-3)/(-9) + 1). Let f(b) be the second derivative of 0 + 8*b - y*b**3 - 5/12*b**4 - 1/2*b**2 - 1/20*b**5. What is f(-4)?
-1
Let u(j) = -3*j + 13. Let i be (-3 - (-1 - (2 + -5))) + 11. Give u(i).
-5
Let z(o) = -25*o**2 - 10*o + 6. Let p(d) = -29*d**2 - 12*d + 7. Let b(u) = 6*p(u) - 7*z(u). Let a = 2 + -2. Suppose 3*v - v - 8 = a. What is b(v)?
8
Let q(h) = h + 2. Suppose 4*s - 24 = -0. Determine q(s).
8
Suppose -2*i = -2 + 10, -4 = -4*q - 5*i. Let s(x) = 0*x + x**2 + 1 + 4*x - q*x**3 - 3*x. What is s(-1)?
7
Let m(j) = j**2 - 3*j - 1. Let w(z) = -5*z**2 + 21*z + 1. Let t(d) = -6*m(d) - w(d). Let i = -12 - -8. Determine t(i).
1
Let c(h) be the second derivative of h**4/12 - h**3/3 + h**2 + 182*h. What is c(3)?
5
Let i(t) be the second derivative of -t**5/60 - 7*t**4/24 - 4*t**3/3 - t**2 + t. Let q(r) be the first derivative of i(r). Let l = 31 - 37. Determine q(l).
-2
Let j(z) = 3 + 4*z**2 - 5*z**2 + 3*z + 0*z. Let d(x) = -33*x**2 + 2*x + 1. Let y be d(-1). Let q be y/(-8) - (-1)/(-4). Calculate j(q).
-1
Suppose 4042*t = 4048*t + 144. Let y(i) = -i**3 - 25*i**2 - 22*i + 46. Give y(t).
-2
Suppose -12 = 294*y - 291*y. Let w(n) = -n**3 - 6*n**2 - 9*n - 8. Calculate w(y).
-4
Suppose 0 = -4*p - 2*b + 126, -3*b + 5*b = 4*p - 114. Suppose 50 = 2*o + 3*o - 5*d, -d + p = 4*o. Let n(h) = -h**2 + 8*h + 2. Calculate n(o).
2
Let y(n) = 4*n**2. Let r(w) = -43*w**2 + w + 1. Let q(m) = -r(m) - 9*y(m). Suppose 6 = -3*l + 3. Calculate q(l).
7
Let h(a) = -1 - 10*a + 3*a**2 - 27*a**3 + 6*a - 2*a**2 + 4*a**2 + 28*a**3. Determine h(-5).
19
Let t(d) = -d**3 + 8*d**2 + 1. Let l be (-5)/20*2*-8. Determine t(l).
65
Let u(j) = -j**3 - 5*j**2. Let w be u(-5). Suppose 16 = z + 5*v, w*z - z - v = -8. Let r(i) = -i**3 + 5*i**2 + 6*i - 5. Give r(z).
-5
Let r(m) be the third derivative of m**5/60 - m**4/8 - m**3/2 - 2*m**2. Suppose -4*t = 5*s - 0 - 10, s = 4*t - 22. Determine r(t).
7
Let a(x) = x + 1. Let w be 0 - (-4 + 4)/(-1). Suppose w*n = -n + 4, 5*h + 5 = -5*n. Give a(h).
-4
Let f(z) be the second derivative of -z**5/20 + z**4/4 + 5*z**3/6 - 3*z**2/2 + 3*z. Let g = -39 - -49. Let o = g - 6. Calculate f(o).
1
Let r(t) = t**3 - 7*t**2 + 7*t - 2. Suppose 0 = -7*x + 112 - 70. What is r(x)?
4
Let s be 1/(8/37) - (-30)/80. Let r(i) = s - 7 - 8*i - 5 - i**2 + 0. Give r(-5).
8
Let t(j) = -8 - 14 - 27*j + 33*j + 7*j**2 + j**3. Determine t(-5).
-2
Let b(d) = -2*d**3 - 15*d**2 + 9*d + 4. Suppose -165 + 133 = 4*o. Calculate b(o).
-4
Let g(o) be the third derivative of o**4/24 + o**3/2 - 3*o**2. Suppose 0 = -4*q, 0 = -4*b - 3*q - 9 - 15. What is g(b)?
-3
Let v(w) = -w - 11. Let r(x) = -3*x - 9. Let d(j) = 6*r(j) - 5*v(j). What is d(-1)?
14
Let p = 33 + -109. Let t = 76 + p. Let m(g) = g - 7. Calculate m(t).
-7
Let x(q) = 7 - 3 + 4 - 6 - 4*q + 3*q. Let c be ((-40)/(-24))/(2/6). Give x(c).
-3
Let o(n) = -n**3 - 6*n**2 + 2*n + 7. Let s(k) = -3*k - 27. Let t be s(-7). What is o(t)?
-5
Let q = -255 - -262. Let r(j) be the third derivative of 0 + 0*j + 1/3*j**3 + 1/10*j**5 - q*j**2 + 0*j**4 - 1/120*j**6. What is r(6)?
2
Suppose 0 = -11*a + 5*a. Let i(x) be the third derivative of -x**5/120 + x**3/2 + 2*x**2. Let p(l) be the first derivative of i(l). Determine p(a).
0
Let k(w) be the third derivative of -w**4/8 - w**3/3 - 6*w**2. Suppose 7*d - 11*d - 20 = 0. Give k(d).
13
Let a(b) = b**2 - b - 1. Let r(d) = d**3 + 10*d**2 - 13*d - 10. Let s(v) = 4*a(v) - r(v). What is s(-7)?
-8
Let k(z) = -9*z**2 + 19*z - 5. Let l(b) = -8*b**2 + 15*b - 4. Let o(d) = -4*k(d) + 5*l(d). Give o(2).
-18
Let r(b) = -6*b + 11. Suppose 13*q + 44 = 4*h + 17*q, 5*h = -3*q + 45. What is r(h)?
-25
Let q(h) be the third derivative of -5*h**5/6 + h**3/6 + 83*h**2 + h. What is q(1)?
-49
Let o(r) = -r**3 - 3*r**2. Let n be o(-3). Suppose 4*l - 5*s = -1, 3*s + n*s + 2 = 5*l. Let h(w) = 3*w + 0 + l - 4*w. What is h(4)?
-3
Let y(q) = q**3 + 7*q**2 + 5*q + 2. Let c(i) = -i**2 + 6*i + 36. Let s = -42 - -52. Let m be c(s). Give y(m).
30
Let f(b) = -b**2 + b - 2. Suppose s = -0*x - 3*x + 5, -4*s + 4*x + 4 = 0. Suppose -2*j = -5*k + 29, -s*k + 3 = -7. Give f(j).
-8
Let l = 4 - 5. Let n(g) be the third derivative of 4*g**5/15 - g**4/24 - g**3/6 + 337*g**2. What is n(l)?
16
Let y be (-6)/(-27) - 2/9. Let v(j) be the first derivative of -j**3/3 + 6*j - 23. Calculate v(y).
6
Let b(c) = -60*c**2 - 8 + 53*c**2 - 9 + 19 + 3*c. What is b(-3)?
-70
Let q(c) be the first derivative of 5/3*c**3 + 5*c**2 + 27 - 1/4*c**4 - 7*c. Calculate q(6).
17
Let k(r) be the third derivative of -r**6/120 + r**5/6 + r**4/2 + 7*r**3/3 - 14*r**2 + 3*r. Calculate k(11).
25
Let s(p) = -p - 12. Let q be s(-9). Let i(w) = 2*w**2 + 9*w + 1. Let z(d) = -d**2 - 4*d - 1. Let g(f) = -2*i(f) - 5*z(f). Calculate g(q).
6
Suppose -4*t = t + 2*c + 56, -2*t = -5*c + 5. Let v(x) = x**3 + 11*x**2 + 11*x - 6. Give v(t).
-16
Let b(h) = -h**2 + 7*h - 7. Let m be 2/6 - 2/6. Suppose -2*j + m = -4. Suppose -j*p + 15 + 3 = 3*n, 0 = -3*p + 3*n + 12. Determine b(p).
-1
Let j(i) = 2*i**2 - 4*i - 1. Let d be 88/16*(-8 - (0 - -2)). Let t = d - -58. Calculate j(t).
5
Let c(n) = n**2 - 56*n + 342. Let d be c(7). Let q(b) = -5*b**2 - 2*b - 2. What is q(d)?
-5
Let j(d) = -5*d + 4*d + 4 + 3*d**2 + d**3 - 2*d + 0*d**3. Let t = 12 + -12. Suppose -3*k = -3*i - 12, -3*i + 0*k + k - 12 = t. Calculate j(i).
0
Let u(y) = y**3 - 2*y**2 - 2*y + 1. Suppose 5*f = 2*m - 98, 4*m - f = 251 - 55. Let k = -26 + m. Suppose -2*a + 10 = 0, 5*a - k = -d + 4. Calculate u(d).
-3
Suppose 4*t = -4*t + 24. Let p(z) = z - 1. Let w(s) = 8*s - 4. Let c(x) = -x - 1. Let m(a) = 3*c(a) + w(a). Let r(j) = -m(j) + 6*p(j). What is r(t)?
4
Let b(y) = 8*y - 4. Let q(p) = p**3 + 4*p**2 - 13*p - 2. Let x be q(-6). Let i be x/(-22) - 105/(-33). Give b(i).
20
Let o(g) be the first derivative of -g**4/4 - 8*g**3/3 - g**2/2 + 9*g + 22. What is o(-8)?
17
Let b(q) = -q**3 + 3*q**2 + 4*q + 2. Let m be b(4). Let j(g) = 3 - 2*g + 7*g**2 - 12*g**m + 6*g**2. Determine j(4).
11
Let k(l) be the first derivative of -l**7/210 + l**5/120 - l**4/24 - 7*l**3/3 - l**2 - 22. Let h(j) be the third derivative of k(j). Determine h(1).
-4
Let k(o) be the third derivative of o**5/60 - o**4/8 - 2*o**3/3 + o**2 - 1. What is k(5)?
6
Let q(f) = 11*f - f**2 - 26*f + 16*f + 31. Let s be q(7). Let n(p) = -p**3 - 11*p**2 - p - 11. Determine n(s).
0
Suppose p + 6 = 2*r, 2*p + 10 = 5*r - 2*r. Let t(m) = -5 - r + 3 + 3*m. Determine t(4).
8
Let a(p) = p**2 - 12*p + 6. Suppose 4*w - 4*j - 36 = 0, -1 + 39 = 4*w - 3*j. Calculate a(w).
-5
Let n = 27 + -12. Let m(i) = -i + n - 6 - 2. Let u be m(9). Let x(f) = 2*f**2 - f + 1. Determine x